What are the prime factors of v?
19, 2971
Let w(j) = 4*j**2 + 12*j - 14. Let h be w(-6). Let g = h + -60. List the prime factors of 852/8 - (10/4 + g).
2, 53
List the prime factors of ((-101820)/(-80) - 34)/(1*1/12).
3, 5, 991
Let a be (196/105 + 12/15)*-174. Let j = -99 - a. What are the prime factors of j?
5, 73
Suppose 5*d + z = 5408, 4345 = 4*d + 4*z + 25. Let n = d - 560. What are the prime factors of n?
2, 3, 29
Suppose 2*k - 64 = 4*o, -2*o - 2*k + 78 = -7*o. List the prime factors of (((-13524)/18)/o)/(1/6).
2, 7, 23
Suppose 3*q + 2 = -v, -4*v + 1 + 6 = -3*q. Let r be q + ((-72)/(-30))/((-2)/15). Let w = 66 + r. List the prime factors of w.
47
Suppose -5*b - 185 = -5*p, -7*p + 6*p + 4*b + 22 = 0. Suppose 6*a + p = 7*a. What are the prime factors of a?
2, 3, 7
Let i = 23065 + -16215. List the prime factors of i.
2, 5, 137
Suppose 3*p - 158919 = 3*r, -4*p - 5*r + 195997 = -15886. List the prime factors of p.
2, 17, 19, 41
Suppose -2*t = -4*i + 2, 0*t + 8 = 4*t - 2*i. Let z be ((5 - 2) + t)/2. Suppose z*s + 104 = 113. What are the prime factors of s?
3
Suppose 2*u - 36 = -i, 5*i - 132 = -89*u + 91*u. Suppose i*d - 8909 - 751 = 0. What are the prime factors of d?
3, 5, 23
Suppose p + v + v = 3439, -4*v - 3427 = -p. List the prime factors of p.
3, 5, 229
List the prime factors of (-1)/(14 + (-555275)/39662).
2, 2833
Let o(u) be the first derivative of u**3 + 3*u**2/2 + 9*u + 2. Suppose -250 = 8*z - 194. What are the prime factors of o(z)?
3, 5
Suppose -63 - 22 = -17*c. Suppose -c*w + 19*w - 3780 = 0. What are the prime factors of w?
2, 3, 5
Let m(v) = v**2 + 14*v + 33. Let u be m(-11). Suppose u = 2*g - 7*g - 10. List the prime factors of (g + -1 - (-62)/(-6))*-6.
2, 5
Let j(v) = -32*v - 499. Let a be j(-12). Let s = -16 + 34. Let w = s - a. What are the prime factors of w?
7, 19
Let d(m) = -m**2 + 5*m - 6. Let y be d(5). Let t(u) = -15 + 3*u**2 + 31 + 10*u - 25. List the prime factors of t(y).
3, 13
Let t = 13 + -11. Let v be (0/(-8 - -4))/t. Suppose 6*u + u - 287 = v. List the prime factors of u.
41
Let l be -5 - 4*(0 - 2). Suppose 3195 = 4*g - l*z, z = 5*g + 3*z - 4011. What are the prime factors of g?
3, 89
Suppose -1595 = -88*g + 83*g. Suppose v - g = -87. List the prime factors of v.
2, 29
Let z = -52 - -54. Suppose z*s = -5*y + 35, 2*s - 6*s = 3*y - 7. Let k(p) = 5*p - 5. List the prime factors of k(y).
2, 5
Suppose 7*t + 634 = 9*t. Suppose -j - 5*v = t, 3*j = j - 2*v - 674. Let c = 525 + j. What are the prime factors of c?
3, 61
Let n = 37 + -35. Suppose n*m - 330 = -m. Let k = 189 - m. What are the prime factors of k?
79
Let d = 21254 - 13650. List the prime factors of d.
2, 1901
Suppose -419 + 2683 = 8*c. Let h = 0 - -88. Suppose -q = i - 9 - h, 0 = -3*q + i + c. List the prime factors of q.
5, 19
Let o(u) = 4328*u - 4997. List the prime factors of o(8).
13, 43, 53
Let j(m) = -m**3 + 8*m**2 + m - 69. Let a be j(27). List the prime factors of a/(-30) + 3/(-30).
463
Suppose -2*h = -2*a - 4, 3*h - 12 = -5*a + 10. Suppose 671 = 5*y + p - 4352, h*y - 4026 = 3*p. List the prime factors of y.
3, 5, 67
Let b(u) = 2*u**2 - 3*u - 20. Let n be b(4). Suppose -47*w + 949 + 2059 = n. What are the prime factors of w?
2
Let g = -4811 + 7393. List the prime factors of g.
2, 1291
Let s = 4864 - -6917. What are the prime factors of s?
3, 7, 11, 17
List the prime factors of (2*-1)/((-121008)/423381 + (-18)/(-63)).
20161
Let f(v) = -23*v + 21. Let k(x) = -x - 2. Let m(n) = f(n) + 6*k(n). What are the prime factors of m(-5)?
2, 7, 11
Let r(p) = p**2 - p. Let i(y) = -9*y**2 - 5*y. Let n(j) = -i(j) - 6*r(j). Let u be n(10). Suppose u = 4*q - 86. List the prime factors of q.
2, 31
Let x be (36/10)/(1/(-20)*-6). Suppose -x*t = -2*t - 6850. What are the prime factors of t?
5, 137
Let f = -68 - -162. Let l = f + -59. List the prime factors of 1614/10 - 14/l.
7, 23
Suppose -13*m = -m + 72. Let a be m/(4 - 2) - (-165)/(-3). Let w = -46 - a. What are the prime factors of w?
2, 3
Let v = -62 + -94. Let d = 315 + v. What are the prime factors of d?
3, 53
Suppose -23*u = -483*u + 6265660. What are the prime factors of u?
53, 257
Let v(j) = 1332*j**2 + 17*j + 3. Let w be v(-2). Suppose -w = -8*o + 1479. What are the prime factors of o?
7, 11
Let b(l) = 94 + 4*l - 48 + 56. List the prime factors of b(0).
2, 3, 17
Let u(n) = -4*n**2 + 2. Let o(p) = 3*p**2 - 3. Let v(k) = 5*o(k) + 4*u(k). Let x be v(-3). What are the prime factors of (-4)/(x/212) - -3?
2, 7
Let l = -18615 + 26407. What are the prime factors of l?
2, 487
Let r be ((-280)/6)/(16/(-96)). Let z = 693 - r. List the prime factors of z.
7, 59
List the prime factors of (-4)/(-4) - 6 - (-13 + -1310).
2, 659
Let u(x) = -13*x**2 - 13*x - 28. Let v be u(-3). Let s = v - -1057. What are the prime factors of s?
3, 317
Suppose -23501 = -153*p - 132643 + 1042289. List the prime factors of p.
3, 19, 107
Let u = 5701 - 2264. List the prime factors of u.
7, 491
Let x(n) = 30*n - 120. Let v be x(4). Suppose 0 = -2*p - g + 5*g + 90, g = v. What are the prime factors of p?
3, 5
Let h be (4/4)/(-2*2/740). Let b = -129 - h. What are the prime factors of 2/2 + b/1 + -4?
53
What are the prime factors of 2*2/8 - ((-1712557)/14)/23?
3, 197
Suppose 2*o = -w - o + 31, 12 = 4*o. Suppose 6 = -i - 4*p - p, 5*i - p - w = 0. Suppose 4*x + 96 + 70 = 2*m, i*x - 380 = -4*m. List the prime factors of m.
7, 13
Let d be (-6)/8*(-56)/7. Let q(l) = 100*l + 16. Let m be q(d). Let j = m - 437. List the prime factors of j.
179
Suppose -1490 = 4*a - 450. Let x = a - -466. List the prime factors of x.
2, 103
Let d(k) = 2*k**2 - 37*k + 128. Let q be d(-37). Suppose 13*i - 10975 = q. List the prime factors of i.
2, 3, 5, 13
Let w = -11 - -316. Suppose -w = -p - 4*p. Suppose 0 = 4*r - a - 57 - p, 66 = 2*r - 4*a. List the prime factors of r.
29
Suppose 3*v = -5*s - 14, 5*s + 0*v - 2*v = 1. Let t be (s/(-2))/(5/(-1130)*-1). Let m = 312 - t. What are the prime factors of m?
199
Suppose -672 = -3*h + 4*v, h = -h - 4*v + 428. Suppose 5*j - 31 - 1554 = 0. Let k = j - h. What are the prime factors of k?
97
Suppose -216*v + 54958 = -211*v - 2*t, 3*t - 43971 = -4*v. What are the prime factors of v?
2, 3, 229
Let f(t) = t**3 - 5*t**2 - t + 11. Let j be f(5). Suppose 4*x - j = x. Suppose 26 = -o + x*o. What are the prime factors of o?
2, 13
Let h(y) = -8*y**2 - 32*y + 80. Let j be h(11). Let c = 2133 + j. List the prime factors of c.
19, 47
Let o(q) = -17*q**3 - 8*q**2 + 8*q + 3. Let m be o(-5). Suppose -h = -5*h + m. Let a = -327 + h. What are the prime factors of a?
5, 29
Let f = -71 - -67. Let s be -3 - 66/f*-10. Let m = -110 - s. List the prime factors of m.
2, 29
Let q be (-1 - 6)*20/(-70). Let p be q/5 + (-62)/5 + -1. List the prime factors of p*(20/(-5) + -19).
13, 23
Let y = 20239 - 19085. What are the prime factors of y?
2, 577
Let d = 42 - -70. Let f = d + -42. Suppose -2*p + 326 = f. List the prime factors of p.
2
Let k(d) = d**3 - 3*d**2 - 3*d - 5. Let c be k(4). Let n be (-12)/16*(-9 - c). Suppose -u = -n*u + 30. List the prime factors of u.
2, 3
Let g = -28 + -1. Let a = g + 34. Suppose -a*k - 222 + 13 = -3*f, 0 = f - 3*k - 67. List the prime factors of f.
73
Let h = 304 + -126. Suppose 2*n + 5*v - 3*v = h, -445 = -5*n + v. List the prime factors of n.
89
Let t(a) = 27*a**2 - 6*a + 12. Let n be t(3). Let s = n - 173. List the prime factors of s.
2
Let n(i) = 2*i - 7. Let k = -60 + 52. Let m be n(k). What are the prime factors of (-5 - -8)/((-3)/m)?
23
Suppose 3*r = -2*r + b + 4, 3 = 3*b. Suppose -4*w + 3*p - 11 = 0, w - p = -6*p + 26. What are the prime factors of (3/w - (r - 1)) + 60?
3, 7
Suppose 20*i - 30 = 14*i. Suppose -2*h + 728 = -l, -3*h + 472 = -i*l - 634. List the prime factors of h.
2, 181
Suppose -392 = 5*q + 523. Let i = 381 + q. List the prime factors of i.
2, 3, 11
Let i(v) = 146*v**2 + 3*v - 13. Let k be i(3). Suppose 0 = -5*l - 0 + k. Suppose 3*y + 686 = 3*r + 8*y, -r + 5*y + l = 0. List the prime factors of r.
3, 79
Suppose -134*l = -338063 - 488583. What are the prime factors of l?
31, 199
Suppose v - 176 = 20. Suppose 3*p + v - 49 = 0. What are the prime factors of -5 + p/(-1) - 4?
2, 5
Suppose -4*w + 8 = r, -2*w - 23 = -3*w + 5*r. Suppose 5*u + w*q + 3684 = u, u = 2*q - 932. What are the prime factors of u/(-7) + 1 + -5?
2
